{"id":250944,"date":"2025-03-06T10:31:56","date_gmt":"2025-03-06T13:31:56","guid":{"rendered":"https:\/\/www.fundaciontierraaustral.cl\/nueva\/?post_type=project&#038;p=250944"},"modified":"2025-04-23T12:19:38","modified_gmt":"2025-04-23T16:19:38","slug":"santuario-de-la-naturaleza-cerro-poqui","status":"publish","type":"project","link":"https:\/\/www.fundaciontierraaustral.cl\/eng\/proyectos\/santuario-de-la-naturaleza-cerro-poqui\/","title":{"rendered":"Santuario de la Naturaleza Cerro Poqui"},"content":{"rendered":"<p>[et_pb_section fb_built=\u00bb1&#8243; fullwidth=\u00bbon\u00bb _builder_version=\u00bb4.27.4&#8243; _module_preset=\u00bbdefault\u00bb da_disable_devices=\u00bboff|off|off\u00bb global_colors_info=\u00bb{}\u00bb da_is_popup=\u00bboff\u00bb da_exit_intent=\u00bboff\u00bb da_has_close=\u00bbon\u00bb da_alt_close=\u00bboff\u00bb da_dark_close=\u00bboff\u00bb da_not_modal=\u00bbon\u00bb da_is_singular=\u00bboff\u00bb da_with_loader=\u00bboff\u00bb da_has_shadow=\u00bbon\u00bb][et_pb_fullwidth_slider use_bg_overlay=\u00bbon\u00bb bg_overlay_color=\u00bb#000000&#8243; _builder_version=\u00bb4.27.4&#8243; _module_preset=\u00bbdefault\u00bb header_font=\u00bbABC Arizona Regular||||||||\u00bb min_height=\u00bb50vh\u00bb custom_padding=\u00bb||||false|false\u00bb auto=\u00bbon\u00bb auto_speed=\u00bb5000&#8243; global_colors_info=\u00bb{}\u00bb][et_pb_slide heading=\u00bb@ET-DC@eyJkeW5hbWljIjp0cnVlLCJjb250ZW50IjoicG9zdF90aXRsZSIsInNldHRpbmdzIjp7ImJlZm9yZSI6IiIsImFmdGVyIjoiIn19@\u00bb use_bg_overlay=\u00bboff\u00bb _builder_version=\u00bb4.27.4&#8243; _dynamic_attributes=\u00bbheading\u00bb _module_preset=\u00bbdefault\u00bb background_enable_color=\u00bboff\u00bb background_image=\u00bbhttps:\/\/www.fundaciontierraaustral.cl\/nueva\/wp-content\/uploads\/2025\/04\/portadaCerroPoqui.jpg\u00bb background_enable_image=\u00bbon\u00bb parallax=\u00bbon\u00bb global_colors_info=\u00bb{}\u00bb sticky_transition=\u00bbon\u00bb][\/et_pb_slide][\/et_pb_fullwidth_slider][\/et_pb_section][et_pb_section fb_built=\u00bb1&#8243; _builder_version=\u00bb4.27.4&#8243; _module_preset=\u00bbdefault\u00bb background_color=\u00bb#fdfbf5&#8243; custom_padding=\u00bb0px||0px||false|false\u00bb da_disable_devices=\u00bboff|off|off\u00bb global_colors_info=\u00bb{}\u00bb da_is_popup=\u00bboff\u00bb da_exit_intent=\u00bboff\u00bb da_has_close=\u00bbon\u00bb da_alt_close=\u00bboff\u00bb da_dark_close=\u00bboff\u00bb da_not_modal=\u00bbon\u00bb da_is_singular=\u00bboff\u00bb da_with_loader=\u00bboff\u00bb da_has_shadow=\u00bbon\u00bb][et_pb_row _builder_version=\u00bb4.27.4&#8243; _module_preset=\u00bbdefault\u00bb custom_padding=\u00bb25px||0px||false|false\u00bb global_colors_info=\u00bb{}\u00bb][et_pb_column type=\u00bb4_4&#8243; _builder_version=\u00bb4.27.4&#8243; _module_preset=\u00bbdefault\u00bb global_colors_info=\u00bb{}\u00bb][et_pb_text _builder_version=\u00bb4.27.4&#8243; _module_preset=\u00bbdefault\u00bb text_font=\u00bb&#8211;et_global_body_font||||||||\u00bb text_text_color=\u00bb#233428&#8243; text_font_size=\u00bb13px\u00bb text_orientation=\u00bbcenter\u00bb global_colors_info=\u00bb{}\u00bb]<\/p>\n<p><strong>UBICACI\u00d3N:<\/strong> Coltauco, Regi\u00f3n de O\u2019Higgins \u00a0 \u00a0 <strong>SUPERFICIE PROTEGIDA:<\/strong> 1.095 ha<\/p>\n<p>[\/et_pb_text][et_pb_text _builder_version=\u00bb4.27.4&#8243; _dynamic_attributes=\u00bbcontent\u00bb _module_preset=\u00bbdefault\u00bb text_font=\u00bb&#8211;et_global_body_font|||on|||||\u00bb text_text_color=\u00bb#233428&#8243; text_font_size=\u00bb13px\u00bb link_font=\u00bb&#8211;et_global_body_font||||||||\u00bb link_text_color=\u00bb#000000&#8243; text_orientation=\u00bbcenter\u00bb link_font_last_edited=\u00bboff|desktop\u00bb custom_css_free_form=\u00bbselector a:hover { text-decoration:underline; text-underline-offset:3px;}\u00bb global_colors_info=\u00bb{}\u00bb]@ET-DC@eyJkeW5hbWljIjp0cnVlLCJjb250ZW50IjoicG9zdF90aXRsZSIsInNldHRpbmdzIjp7ImJlZm9yZSI6IjxhIGhyZWY9XCIvbnVldmEvdGllcnJhcy1wcm90ZWdpZGFzL1wiPlRpZXJyYXMgcHJvdGVnaWRhczwvYT4gLyAiLCJhZnRlciI6IiJ9fQ==@[\/et_pb_text][\/et_pb_column][\/et_pb_row][et_pb_row use_custom_gutter=\u00bbon\u00bb gutter_width=\u00bb2&#8243; _builder_version=\u00bb4.27.4&#8243; _module_preset=\u00bbdefault\u00bb global_colors_info=\u00bb{}\u00bb][et_pb_column type=\u00bb4_4&#8243; _builder_version=\u00bb4.27.4&#8243; _module_preset=\u00bbdefault\u00bb global_colors_info=\u00bb{}\u00bb][et_pb_text _builder_version=\u00bb4.27.4&#8243; _module_preset=\u00bbdefault\u00bb header_2_font=\u00bb&#8211;et_global_heading_font||||||||\u00bb header_2_text_align=\u00bbcenter\u00bb header_2_text_color=\u00bb#233428&#8243; header_2_font_size=\u00bb36px\u00bb header_2_line_height=\u00bb1.2em\u00bb max_width=\u00bb870px\u00bb module_alignment=\u00bbcenter\u00bb custom_margin=\u00bb||||false|false\u00bb global_colors_info=\u00bb{}\u00bb]<\/p>\n<h2>A trav\u00e9s de la implementaci\u00f3n de un Derecho Real de Conservaci\u00f3n, el Santuario de la Naturaleza Cerro Poqui cuenta con dos categor\u00edas de conservaci\u00f3n, permitiendo una efectiva gesti\u00f3n del \u00e1rea.<\/h2>\n<p>[\/et_pb_text][et_pb_text _builder_version=\u00bb4.27.4&#8243; _module_preset=\u00bbdefault\u00bb text_text_color=\u00bb#161616&#8243; text_font_size=\u00bb15px\u00bb text_orientation=\u00bbcenter\u00bb max_width=\u00bb760px\u00bb module_alignment=\u00bbcenter\u00bb global_colors_info=\u00bb{}\u00bb]<\/p>\n<p>El Santuario de la Naturaleza Cerro Poqui es un \u00e1rea de 1.095 hect\u00e1reas, donde en casi toda su extensi\u00f3n se han declarado dos figuras de conservaci\u00f3n: Santuario de la Naturaleza y un Derecho Real de Conservaci\u00f3n (DRC). La decisi\u00f3n de complementar la categor\u00eda de Santuario de la Naturaleza con un acuerdo de DRC surge de la necesidad de contar con un aliado adicional con el fin de ampliar la red de apoyo y canalizar recursos financieros y t\u00e9cnicos para gestionar el \u00e1rea. De esta forma, fue posible involucrar a actores claves y organizaciones locales en el proceso de desarrollo de este proyecto de conservaci\u00f3n. Este es el primer caso en que se firma un DRC sobre un Santuario de la Naturaleza, figuras compatibles y complementarias que refuerzan la protecci\u00f3n y gesti\u00f3n efectiva del \u00e1rea.<\/p>\n<p>[\/et_pb_text][et_pb_button button_url=\u00bbhttps:\/\/santuariocerropoqui.cl\/\u00bb url_new_window=\u00bbon\u00bb button_text=\u00bbVisita la web del proyecto\u00bb button_alignment=\u00bbcenter\u00bb _builder_version=\u00bb4.27.4&#8243; _module_preset=\u00bbdefault\u00bb custom_button=\u00bbon\u00bb button_text_size=\u00bb15px\u00bb button_text_color=\u00bb#FFFFFF\u00bb button_bg_color=\u00bb#00541d\u00bb button_border_width=\u00bb0px\u00bb button_border_radius=\u00bb10px\u00bb button_letter_spacing=\u00bb1px\u00bb custom_margin=\u00bb25px||||false|false\u00bb hover_enabled=\u00bb0&#8243; global_colors_info=\u00bb{}\u00bb theme_builder_area=\u00bbpost_content\u00bb sticky_enabled=\u00bb0&#8243;][\/et_pb_button][\/et_pb_column][\/et_pb_row][et_pb_row column_structure=\u00bb1_3,1_3,1_3&#8243; use_custom_gutter=\u00bbon\u00bb gutter_width=\u00bb2&#8243; make_equal=\u00bbon\u00bb _builder_version=\u00bb4.27.4&#8243; _module_preset=\u00bbdefault\u00bb custom_margin=\u00bb||||false|false\u00bb custom_padding=\u00bb||||false|false\u00bb global_colors_info=\u00bb{}\u00bb][et_pb_column type=\u00bb1_3&#8243; _builder_version=\u00bb4.27.4&#8243; _module_preset=\u00bbdefault\u00bb global_colors_info=\u00bb{}\u00bb][et_pb_number_counter title=\u00bbHect\u00e1reas\u00bb number=\u00bb1095&#8243; percent_sign=\u00bboff\u00bb _builder_version=\u00bb4.27.4&#8243; _module_preset=\u00bbdefault\u00bb title_text_color=\u00bb#000000&#8243; number_font=\u00bbMontserrat|300|||||||\u00bb number_text_color=\u00bb#00541d\u00bb background_color=\u00bb#f1f0ea\u00bb min_height=\u00bb240px\u00bb custom_padding=\u00bb50px|50px|50px|50px|false|false\u00bb custom_css_number_counter_title=\u00bbmax-width:170px;||margin:0 auto;\u00bb border_radii=\u00bbon|15px|15px|15px|15px\u00bb global_colors_info=\u00bb{}\u00bb][\/et_pb_number_counter][\/et_pb_column][et_pb_column type=\u00bb1_3&#8243; _builder_version=\u00bb4.27.4&#8243; _module_preset=\u00bbdefault\u00bb global_colors_info=\u00bb{}\u00bb][et_pb_number_counter title=\u00bbProtegido\u00bb number=\u00bb100&#8243; _builder_version=\u00bb4.27.4&#8243; _module_preset=\u00bbdefault\u00bb title_text_color=\u00bb#000000&#8243; number_font=\u00bbMontserrat|300|||||||\u00bb number_text_color=\u00bb#00541d\u00bb background_color=\u00bb#f1f0ea\u00bb min_height=\u00bb240px\u00bb custom_padding=\u00bb50px|50px|50px|50px|false|false\u00bb custom_css_number_counter_title=\u00bbmax-width:170px;||margin:0 auto;\u00bb border_radii=\u00bbon|15px|15px|15px|15px\u00bb global_colors_info=\u00bb{}\u00bb][\/et_pb_number_counter][\/et_pb_column][et_pb_column type=\u00bb1_3&#8243; _builder_version=\u00bb4.27.4&#8243; _module_preset=\u00bbdefault\u00bb global_colors_info=\u00bb{}\u00bb][et_pb_number_counter title=\u00bbEspecies en categor\u00eda de conservaci\u00f3n\u00bb number=\u00bb44&#8243; percent_sign=\u00bboff\u00bb _builder_version=\u00bb4.27.4&#8243; _module_preset=\u00bbdefault\u00bb title_text_color=\u00bb#000000&#8243; number_font=\u00bbMontserrat|300|||||||\u00bb number_text_color=\u00bb#00541d\u00bb background_color=\u00bb#f1f0ea\u00bb min_height=\u00bb240px\u00bb custom_padding=\u00bb50px|50px|50px|50px|false|false\u00bb custom_css_number_counter_title=\u00bbmax-width:170px;||margin:0 auto;\u00bb border_radii=\u00bbon|15px|15px|15px|15px\u00bb global_colors_info=\u00bb{}\u00bb][\/et_pb_number_counter][\/et_pb_column][\/et_pb_row][et_pb_row use_custom_gutter=\u00bbon\u00bb gutter_width=\u00bb1&#8243; _builder_version=\u00bb4.27.4&#8243; _module_preset=\u00bbdefault\u00bb width=\u00bb100%\u00bb max_width=\u00bb100%\u00bb custom_padding=\u00bb||0px||false|false\u00bb global_colors_info=\u00bb{}\u00bb][et_pb_column type=\u00bb4_4&#8243; _builder_version=\u00bb4.27.4&#8243; _module_preset=\u00bbdefault\u00bb global_colors_info=\u00bb{}\u00bb][et_pb_gallery gallery_ids=\u00bb252131,252132,252133,252134,252135,252136,252137,252138&#8243; posts_number=\u00bb24&#8243; orientation=\u00bbportrait\u00bb show_title_and_caption=\u00bboff\u00bb zoom_icon_color=\u00bbrgba(255,255,255,0)\u00bb hover_overlay_color=\u00bbrgba(0,0,0,0.1)\u00bb _builder_version=\u00bb4.27.4&#8243; _module_preset=\u00bbdefault\u00bb custom_css_gallery_item=\u00bbmargin-top:-1px;\u00bb global_colors_info=\u00bb{}\u00bb][\/et_pb_gallery][\/et_pb_column][\/et_pb_row][\/et_pb_section]<\/p>\n","protected":false},"excerpt":{"rendered":"<p><span class=\"title-extract\">Location<\/span>Coltauco, O\u2019Higgins region<\/p>","protected":false},"author":1,"featured_media":252148,"comment_status":"closed","ping_status":"closed","template":"","meta":{"_et_pb_use_builder":"on","_et_pb_old_content":"<!-- wp:divi\/placeholder \/-->","_et_gb_content_width":"","inline_featured_image":false,"footnotes":""},"project_category":[9],"project_tag":[],"class_list":["post-250944","project","type-project","status-publish","has-post-thumbnail","hentry","project_category-chile-central"],"_links":{"self":[{"href":"https:\/\/www.fundaciontierraaustral.cl\/eng\/wp-json\/wp\/v2\/project\/250944","targetHints":{"allow":["GET"]}}],"collection":[{"href":"https:\/\/www.fundaciontierraaustral.cl\/eng\/wp-json\/wp\/v2\/project"}],"about":[{"href":"https:\/\/www.fundaciontierraaustral.cl\/eng\/wp-json\/wp\/v2\/types\/project"}],"author":[{"embeddable":true,"href":"https:\/\/www.fundaciontierraaustral.cl\/eng\/wp-json\/wp\/v2\/users\/1"}],"replies":[{"embeddable":true,"href":"https:\/\/www.fundaciontierraaustral.cl\/eng\/wp-json\/wp\/v2\/comments?post=250944"}],"version-history":[{"count":31,"href":"https:\/\/www.fundaciontierraaustral.cl\/eng\/wp-json\/wp\/v2\/project\/250944\/revisions"}],"predecessor-version":[{"id":253765,"href":"https:\/\/www.fundaciontierraaustral.cl\/eng\/wp-json\/wp\/v2\/project\/250944\/revisions\/253765"}],"wp:featuredmedia":[{"embeddable":true,"href":"https:\/\/www.fundaciontierraaustral.cl\/eng\/wp-json\/wp\/v2\/media\/252148"}],"wp:attachment":[{"href":"https:\/\/www.fundaciontierraaustral.cl\/eng\/wp-json\/wp\/v2\/media?parent=250944"}],"wp:term":[{"taxonomy":"project_category","embeddable":true,"href":"https:\/\/www.fundaciontierraaustral.cl\/eng\/wp-json\/wp\/v2\/project_category?post=250944"},{"taxonomy":"project_tag","embeddable":true,"href":"https:\/\/www.fundaciontierraaustral.cl\/eng\/wp-json\/wp\/v2\/project_tag?post=250944"}],"curies":[{"name":"wp","href":"https:\/\/api.w.org\/{rel}","templated":true}]}}

<p>[et_pb_section fb_built=»1&#8243; fullwidth=»on» _builder_version=»4.27.4&#8243; _module_preset=»default» da_disable_devices=»off|off|off» global_colors_info=»{}» da_is_popup=»off» da_exit_intent=»off» da_has_close=»on» da_alt_close=»off» da_dark_close=»off» da_not_modal=»on» da_is_singular=»off» da_with_loader=»off» da_has_shadow=»on»][et_pb_fullwidth_slider use_bg_overlay=»on» bg_overlay_color=»#000000&#8243; _builder_version=»4.27.4&#8243; _module_preset=»default» header_font=»ABC Arizona Regular||||||||» min_height=»50vh» custom_padding=»||||false|false» auto=»on» auto_speed=»5000&#8243; global_colors_info=»{}»][et_pb_slide heading=»@ET-DC@eyJkeW5hbWljIjp0cnVlLCJjb250ZW50IjoicG9zdF90aXRsZSIsInNldHRpbmdzIjp7ImJlZm9yZSI6IiIsImFmdGVyIjoiIn19@» use_bg_overlay=»off» _builder_version=»4.27.4&#8243; _dynamic_attributes=»heading» _module_preset=»default» background_enable_color=»off» background_image=»https://www.fundaciontierraaustral.cl/nueva/wp-content/uploads/2025/04/portadaCerroPoqui.jpg» background_enable_image=»on» parallax=»on» global_colors_info=»{}» sticky_transition=»on»][/et_pb_slide][/et_pb_fullwidth_slider][/et_pb_section][et_pb_section fb_built=»1&#8243; _builder_version=»4.27.4&#8243; _module_preset=»default» background_color=»#fdfbf5&#8243; custom_padding=»0px||0px||false|false» da_disable_devices=»off|off|off» global_colors_info=»{}» da_is_popup=»off» da_exit_intent=»off» da_has_close=»on» da_alt_close=»off» da_dark_close=»off» da_not_modal=»on» da_is_singular=»off» da_with_loader=»off» da_has_shadow=»on»][et_pb_row _builder_version=»4.27.4&#8243; _module_preset=»default» custom_padding=»25px||0px||false|false» global_colors_info=»{}»][et_pb_column type=»4_4&#8243; _builder_version=»4.27.4&#8243; _module_preset=»default» global_colors_info=»{}»][et_pb_text _builder_version=»4.27.4&#8243; _module_preset=»default» text_font=»&#8211;et_global_body_font||||||||» text_text_color=»#233428&#8243; text_font_size=»13px» text_orientation=»center» global_colors_info=»{}»]</p>
<p><strong>UBICACIÓN:</strong> Coltauco, Región de O’Higgins     <strong>SUPERFICIE PROTEGIDA:</strong> 1.095 ha</p>
<p>[/et_pb_text][et_pb_text _builder_version=»4.27.4&#8243; _dynamic_attributes=»content» _module_preset=»default» text_font=»&#8211;et_global_body_font|||on|||||» text_text_color=»#233428&#8243; text_font_size=»13px» link_font=»&#8211;et_global_body_font||||||||» link_text_color=»#000000&#8243; text_orientation=»center» link_font_last_edited=»off|desktop» custom_css_free_form=»selector a:hover { text-decoration:underline; text-underline-offset:3px;}» global_colors_info=»{}»]@ET-DC@eyJkeW5hbWljIjp0cnVlLCJjb250ZW50IjoicG9zdF90aXRsZSIsInNldHRpbmdzIjp7ImJlZm9yZSI6IjxhIGhyZWY9XCIvbnVldmEvdGllcnJhcy1wcm90ZWdpZGFzL1wiPlRpZXJyYXMgcHJvdGVnaWRhczwvYT4gLyAiLCJhZnRlciI6IiJ9fQ==@[/et_pb_text][/et_pb_column][/et_pb_row][et_pb_row use_custom_gutter=»on» gutter_width=»2&#8243; _builder_version=»4.27.4&#8243; _module_preset=»default» global_colors_info=»{}»][et_pb_column type=»4_4&#8243; _builder_version=»4.27.4&#8243; _module_preset=»default» global_colors_info=»{}»][et_pb_text _builder_version=»4.27.4&#8243; _module_preset=»default» header_2_font=»&#8211;et_global_heading_font||||||||» header_2_text_align=»center» header_2_text_color=»#233428&#8243; header_2_font_size=»36px» header_2_line_height=»1.2em» max_width=»870px» module_alignment=»center» custom_margin=»||||false|false» global_colors_info=»{}»]</p>
<h2>A través de la implementación de un Derecho Real de Conservación, el Santuario de la Naturaleza Cerro Poqui cuenta con dos categorías de conservación, permitiendo una efectiva gestión del área.</h2>
<p>[/et_pb_text][et_pb_text _builder_version=»4.27.4&#8243; _module_preset=»default» text_text_color=»#161616&#8243; text_font_size=»15px» text_orientation=»center» max_width=»760px» module_alignment=»center» global_colors_info=»{}»]</p>
<p>El Santuario de la Naturaleza Cerro Poqui es un área de 1.095 hectáreas, donde en casi toda su extensión se han declarado dos figuras de conservación: Santuario de la Naturaleza y un Derecho Real de Conservación (DRC). La decisión de complementar la categoría de Santuario de la Naturaleza con un acuerdo de DRC surge de la necesidad de contar con un aliado adicional con el fin de ampliar la red de apoyo y canalizar recursos financieros y técnicos para gestionar el área. De esta forma, fue posible involucrar a actores claves y organizaciones locales en el proceso de desarrollo de este proyecto de conservación. Este es el primer caso en que se firma un DRC sobre un Santuario de la Naturaleza, figuras compatibles y complementarias que refuerzan la protección y gestión efectiva del área.</p>
<p>[/et_pb_text][et_pb_button button_url=»https://santuariocerropoqui.cl/» url_new_window=»on» button_text=»Visita la web del proyecto» button_alignment=»center» _builder_version=»4.27.4&#8243; _module_preset=»default» custom_button=»on» button_text_size=»15px» button_text_color=»#FFFFFF» button_bg_color=»#00541d» button_border_width=»0px» button_border_radius=»10px» button_letter_spacing=»1px» custom_margin=»25px||||false|false» hover_enabled=»0&#8243; global_colors_info=»{}» theme_builder_area=»post_content» sticky_enabled=»0&#8243;][/et_pb_button][/et_pb_column][/et_pb_row][et_pb_row column_structure=»1_3,1_3,1_3&#8243; use_custom_gutter=»on» gutter_width=»2&#8243; make_equal=»on» _builder_version=»4.27.4&#8243; _module_preset=»default» custom_margin=»||||false|false» custom_padding=»||||false|false» global_colors_info=»{}»][et_pb_column type=»1_3&#8243; _builder_version=»4.27.4&#8243; _module_preset=»default» global_colors_info=»{}»][et_pb_number_counter title=»Hectáreas» number=»1095&#8243; percent_sign=»off» _builder_version=»4.27.4&#8243; _module_preset=»default» title_text_color=»#000000&#8243; number_font=»Montserrat|300|||||||» number_text_color=»#00541d» background_color=»#f1f0ea» min_height=»240px» custom_padding=»50px|50px|50px|50px|false|false» custom_css_number_counter_title=»max-width:170px;||margin:0 auto;» border_radii=»on|15px|15px|15px|15px» global_colors_info=»{}»][/et_pb_number_counter][/et_pb_column][et_pb_column type=»1_3&#8243; _builder_version=»4.27.4&#8243; _module_preset=»default» global_colors_info=»{}»][et_pb_number_counter title=»Protegido» number=»100&#8243; _builder_version=»4.27.4&#8243; _module_preset=»default» title_text_color=»#000000&#8243; number_font=»Montserrat|300|||||||» number_text_color=»#00541d» background_color=»#f1f0ea» min_height=»240px» custom_padding=»50px|50px|50px|50px|false|false» custom_css_number_counter_title=»max-width:170px;||margin:0 auto;» border_radii=»on|15px|15px|15px|15px» global_colors_info=»{}»][/et_pb_number_counter][/et_pb_column][et_pb_column type=»1_3&#8243; _builder_version=»4.27.4&#8243; _module_preset=»default» global_colors_info=»{}»][et_pb_number_counter title=»Especies en categoría de conservación» number=»44&#8243; percent_sign=»off» _builder_version=»4.27.4&#8243; _module_preset=»default» title_text_color=»#000000&#8243; number_font=»Montserrat|300|||||||» number_text_color=»#00541d» background_color=»#f1f0ea» min_height=»240px» custom_padding=»50px|50px|50px|50px|false|false» custom_css_number_counter_title=»max-width:170px;||margin:0 auto;» border_radii=»on|15px|15px|15px|15px» global_colors_info=»{}»][/et_pb_number_counter][/et_pb_column][/et_pb_row][et_pb_row use_custom_gutter=»on» gutter_width=»1&#8243; _builder_version=»4.27.4&#8243; _module_preset=»default» width=»100%» max_width=»100%» custom_padding=»||0px||false|false» global_colors_info=»{}»][et_pb_column type=»4_4&#8243; _builder_version=»4.27.4&#8243; _module_preset=»default» global_colors_info=»{}»][et_pb_gallery gallery_ids=»252131,252132,252133,252134,252135,252136,252137,252138&#8243; posts_number=»24&#8243; orientation=»portrait» show_title_and_caption=»off» zoom_icon_color=»rgba(255,255,255,0)» hover_overlay_color=»rgba(0,0,0,0.1)» _builder_version=»4.27.4&#8243; _module_preset=»default» custom_css_gallery_item=»margin-top:-1px;» global_colors_info=»{}»][/et_pb_gallery][/et_pb_column][/et_pb_row][/et_pb_section]</p>
